.
17
Let d = -1 + 8. Suppose 557 = 11*c + 172. Calculate the greatest common divisor of c and d.
7
Suppose -92 - 25 = -3*u. What is the highest common divisor of 65 and u?
13
Let k = 0 + 3. Suppose -h + 126 = 8*h. Suppose -2*i = -10 - h. Calculate the highest common divisor of k and i.
3
Suppose 7*r = 8*r, -2*r = -2*q + 320. What is the greatest common divisor of 120 and q?
40
Suppose p + 3*j - 7 = 0, -5*p + 16*j - 5 = 11*j. Calculate the greatest common divisor of p and 36.
1
Suppose 5*k = 2*u + 14 + 50, 5*k - 55 = 5*u. What is the greatest common divisor of k and 105?
7
Let a = -124 - -128. What is the greatest common factor of a and 2?
2
Let v = -2363 + 2366. What is the highest common divisor of v and 309?
3
Let y be (42/18 - 5)*(2 + 91/(-14)). Suppose w = 2*w - 24. Calculate the highest common factor of w and y.
12
Let i be (6/(-5))/((-112)/1400). Suppose -6*s + 11*s = 750. What is the greatest common divisor of i and s?
15
Suppose 2*l - 47 = -2*r + 21, -3*r + 94 = l. Calculate the highest common divisor of r and 100.
10
Let n = 446 - 435. What is the highest common divisor of 44 and n?
11
Let y be (3 + -42 + 3)*(-2)/3. Let f(h) = -11*h**3 + 1. Let l be f(-1). What is the highest common factor of y and l?
12
Suppose -4*a + 312 = w - 391, 9*w = 2*a - 361. Let p(o) = o**3 + 5*o**2 + o - 1. Let b be p(-4). What is the greatest common factor of a and b?
11
Let c(a) = 5*a + 5. Let g be c(35). Calculate the greatest common factor of g and 135.
45
Let h = -53 - -95. Let x = -4 - -10. Calculate the greatest common factor of x and h.
6
Let r(w) = -2*w + 309. Let g be r(44). Calculate the highest common divisor of 68 and g.
17
Let f(g) = -27*g - 42. Let s be f(-2). Calculate the greatest common divisor of s and 36.
12
Let d be (-2)/(-5) - 38/(-5). Let q = 4234 + -4230. What is the greatest common factor of q and d?
4
Suppose -d + 6 = -4*a, -d - 30 = -6*d - 4*a. Let m(h) = h + 22. Let r be m(d). What is the greatest common factor of r and 84?
28
Let w = 284 - 236. What is the greatest common divisor of 3 and w?
3
Let q be ((-5)/(-20))/((-2)/(-8)). Let d(h) = 19*h + 39. Let b be d(-2). Calculate the greatest common divisor of b and q.
1
Let t = 1688 + -1610. Calculate the greatest common factor of t and 416.
26
Let o(l) = 2*l + 146. Let h be o(4). Calculate the greatest common factor of h and 14.
14
Let d = 790 - 425. What is the highest common factor of d and 292?
73
Suppose -576 + 1290 = 3*k. Calculate the greatest common divisor of k and 34.
34
Suppose -34 = -31*g - 6 + 3. Suppose 0 = -3*b - 0*b + 21. What is the greatest common factor of b and g?
1
Suppose -2*c + 8 = 0, c + 24 = -4*k + 92. What is the greatest common divisor of 872 and k?
8
Let c be (4/(-10))/(4 - (-14703)/(-3675)). Calculate the greatest common divisor of c and 10.
10
Let z = 381 + 102. Calculate the highest common divisor of z and 84.
21
Let y = -6 - -12. Let z = y + -6. Suppose z = -4*u + 2*u + 2. Calculate the highest common divisor of u and 1.
1
Suppose -5*o = 2*s - 0*s - 22, 0 = 3*s + 5*o - 38. Calculate the greatest common divisor of 144 and s.
16
Let k(z) = 15*z**2 - 5*z - 6. Let d be k(-1). What is the greatest common divisor of 2 and d?
2
Let j = 19 - -37. Let f be (-30)/(-1)*(588/18)/7. Calculate the greatest common divisor of f and j.
28
Suppose -f + 34 + 85 = 0. Let i = -34 - -28. Let b be (i/(-9))/(18/459). What is the greatest common divisor of f and b?
17
Let g be 6*18 - (5/(-5) - 2). What is the greatest common divisor of g and 74?
37
Suppose -4*b - 23 = -5*f, -3*f - 11 = b - 35. Let g = 59 + -29. Let y = g + -16. What is the greatest common factor of f and y?
7
Let f(j) = -j**2 - 13*j + 34. Let w be f(-12). What is the highest common divisor of w and 368?
46
Suppose -3*r - 12 = 0, -3*w + 0*r + 174 = -3*r. Let g = -40 - -61. Suppose -q = q + 5*p - 37, -g = -q - 3*p. What is the greatest common factor of q and w?
6
Suppose 0 = c - k - 5, 0*k + 30 = 4*c + k. Let l be (1 + 2/(-4))*-4. Let n = c - l. What is the highest common divisor of 1 and n?
1
Let p be (-2 - 0)/((6/16)/(-3)). Calculate the greatest common divisor of p and 208.
16
Let h(b) = 2*b**3 + 0*b**2 + 10 - b**3 + 2*b**2 + 15*b + 14*b**2. Let v be h(-15). Calculate the highest common divisor of v and 4.
2
Suppose -d = -3*c - 600, 1180 = 2*d + 6*c - 7*c. Calculate the greatest common factor of d and 12.
12
Suppose -3*d + 16 = -3*i + 181, -64 = -i + 4*d. What is the highest common divisor of i and 78?
26
Let r = 396 - 290. What is the greatest common divisor of 53 and r?
53
Let q = -1414 + 1447. Calculate the greatest common divisor of q and 187.
11
Let n = 463 - 450. Suppose 5*x - 4*o - 3 = 0, -9 = 5*x - 2*x + 3*o. Let f be 39/6*(3 - x). Calculate the greatest common divisor of n and f.
13
Let q = 1892 - 1303. Calculate the highest common factor of q and 95.
19
Let y be (6/(-4))/(3/(-4)). Let l(r) = 12*r - 6 - 10*r**2 + 11*r**y - 4*r. Let p be l(-10). Calculate the greatest common divisor of p and 21.
7
Let m(p) = -172 + 85 + 86 - 77*p. Let o be m(-2). What is the greatest common divisor of o and 17?
17
Let c = 2018 + -1907. Let n = -58 - -95. Calculate the greatest common divisor of c and n.
37
Let k(h) = h**2 - 4*h - 5. Let c be k(5). Suppose f + 3*y = -0*y + 13, y - 15 = -3*f. Suppose c = -v + 70 - f. Calculate the highest common divisor of 6 and v.
6
Suppose -k + 254 = 5*x, 3*x - 135 - 19 = -k. What is the greatest common factor of x and 50?
50
Suppose -4*a - 1 = -6*a + 5*x, 2*a + x = -17. Let b be a/(14/(-12)) - 3. Suppose -60 = -4*u + b*u. Calculate the highest common factor of u and 15.
15
Let o = -205 - -267. Calculate the highest common divisor of 279 and o.
31
Let x(f) = 2*f + 33. Let h be x(0). Suppose -6*j + 4*j + 132 = 0. Calculate the greatest common divisor of j and h.
33
Suppose 5*o = -57*m + 54*m + 125, -o + 32 = 2*m. Calculate the highest common divisor of 26 and o.
2
Let v be ((-1 + 5)/2)/(-2). Let s be ((-42)/4)/(20/(-16) - v). Calculate the highest common factor of 105 and s.
21
Suppose 16*y = 22*y + 162. Let f(q) = q**3 + 27*q**2 - q - 12. Let t be f(y). What is the greatest common divisor of t and 5?
5
Let x(d) = -d**2 + 9*d - 19. Let f be ((8/(-3))/4)/(8/(-48)). Let p be x(f). Calculate the highest common factor of p and 16.
1
Let s be 11/((-3)/(-2 - -5)). Let j(p) = -p**3 - 10*p**2 + 11*p + 1. Let x be j(s). Let m be 88/8 + -3*x. What is the greatest common factor of m and 20?
4
Suppose 22*x - 2275 = -3*x. Calculate the highest common factor of x and 7.
7
Suppose -2*z - 2 = 3*i - 7, -3 = -3*i. What is the highest common divisor of z and 43?
1
Let h be (-33)/(-2)*92/69. Let w(r) = r**3 - 16*r**2 - 10*r - 9. Let p be w(17). What is the highest common factor of p and h?
22
Let q(p) = 2*p**2 + 5*p + 17. Let b be q(-3). Calculate the highest common divisor of b and 280.
20
Let p = 2196 + -2139. What is the greatest common divisor of p and 209?
19
Let o be 0 + (-2)/6 - (-16)/3. Suppose 3*j - 3*f = 6, -4*j + 5*j - o*f = -14. Calculate the greatest common factor of j and 6.
6
Let r(a) = 6*a**3 - 4*a**2 - 6. Let i(d) = -d**3. Let l(v) = 4*i(v) + r(v). Let u be l(5). What is the greatest common factor of u and 16?
16
Let f be 173/5 + 2/(-20)*-4. Let d = f - 33. Calculate the greatest common factor of d and 16.
2
Let h be (-375)/(-12) - 72/(-96). What is the highest common factor of 160 and h?
32
Suppose -4*s + 13*i - 12*i + 99 = 0, -3*i + 111 = 5*s. What is the greatest common factor of 3 and s?
3
Let d(s) = s**3 - 2*s**2 + 18*s + 19. Let v be d(5). What is the highest common factor of v and 506?
46
Suppose 0 = y, 11*g - 4*y - 384 = 9*g. Calculate the highest common factor of g and 132.
12
Suppose 81*o = 75*o + 6. What is the greatest common divisor of o and 88?
1
Suppose -25*t + 24*t = 135. Let w = -51 - t. What is the greatest common divisor of w and 12?
12
Let t(g) = -30*g - 939. Let u be t(-72). Calculate the highest common divisor of 33 and u.
33
Let i(r) = 31*r - 4. Let l(p) = 16*p - 2. Let z(h) = -2*i(h) + 5*l(h). Let u be z(2). Calculate the greatest common factor of 170 and u.
34
Let q(n) = 0 + 1 - 7 + 7*n**2 - 3. Let v be q(-3). Calculate the highest common factor of 36 and v.
18
Let z(s) = 9*s**2 - 2*s - s - 5*s**2 + 3*s**3 + 7 - 6*s**2. Let h be z(4). What is the greatest com